t u(l) = -7*l + 16. Let b(a) = -4*g(a) + 5*u(a). What is the tens digit of b(p)?
2
Let a be ((-3)/((-18)/15))/(3/6). Suppose 0 = -3*j + 2*d + 96 + 108, 265 = 4*j - a*d. What is the units digit of j?
0
Let q(t) = 3*t**3 + 1. Let j be q(1). Let o be (-17)/j + 2/8. Let i(d) = 2*d**2 + 3*d + 4. What is the tens digit of i(o)?
2
Let h be 3*(-4)/(12/(-3)). Let a = 15 + h. Suppose a = 4*s - 14. What is the units digit of s?
8
Let f(y) = -y**2 + 6*y - 5. Let u be ((-1)/(-2))/(2/16). Let h be f(u). What is the tens digit of 1 + -4 + 12*h?
3
Let p = -49 - -53. What is the units digit of (p - 63/15) + (-2133)/(-15)?
2
Let n = 0 + -2. Let p(u) = u**2 + 4*u**2 + 3*u**2 - 4*u + 0*u - 3. What is the units digit of p(n)?
7
What is the units digit of ((-736)/(-276))/((-8)/(-5034))?
8
Suppose 7*j - 6*j = 3. Suppose 26 = j*v - 13. What is the units digit of v?
3
Let j(f) = f**3 + 13*f**2 + 11*f - 8. Let h be j(-12). Suppose -5*y - 5*u = -315, 2*y + h*u = -0*y + 130. What is the tens digit of y?
6
Let m = -38 - -23. What is the units digit of (1506/15 - -1) + 6/m?
1
Let m be ((-22)/8 - -2) + (-15)/60. Let z = 6 + m. What is the units digit of z?
5
Let o be (-6)/(-2) - (1 - 6). Let j(x) = 0 + 7*x - 3*x + o*x + 1. What is the tens digit of j(2)?
2
Let t be (-118)/(-2)*(-1)/(1/(-2)). Suppose 4*m = 6*m - t. What is the units digit of m?
9
Let m(p) = 5*p**3 + 2*p**2 - 6*p - 10. Let k be m(-4). Let d = 388 + k. What is the units digit of d?
4
Let h(v) = 2*v - 14. Let z be h(8). Suppose -p - 546 = 5*f - 8*f, -4*f = z*p - 718. What is the units digit of f?
1
Suppose -i - 5 = 4*k - 29, k = -i + 9. Suppose -2*u + k*m = -325, 4*m + 256 = -3*u + 709. What is the hundreds digit of u?
1
Let g = 41 - 38. Suppose -16 = -2*t + t - 2*o, 2*t = 5*o - 4. Suppose g*u - t = -u. What is the units digit of u?
2
Let q(z) = 2*z**2 + 6*z - 3. Let n(f) = -5*f**2 - 17*f + 9. Let m(t) = 3*n(t) + 8*q(t). What is the units digit of m(4)?
7
Let i = -12 - -17. Let b = -8 + i. Let t(r) = -r**2 - 6*r - 5. What is the units digit of t(b)?
4
Suppose -27 = -3*b - 3*z, -3*z + 1 + 1 = -2*b. Suppose -b*i + 34 = a, -2*i + 7*i + 4*a - 31 = 0. Suppose i*h + 34 = 9*h. What is the units digit of h?
7
Let t = 14 - 10. Suppose -t*o = -o - 258. Suppose -3*g + 73 = 4*z, -o = -4*z - 4*g - 18. What is the units digit of z?
2
Suppose 5*j = 67 + 2553. What is the tens digit of (-2)/7 + j*(-9)/(-42)?
1
Suppose 8496 + 20295 = 7*z. What is the tens digit of z?
1
Let f be 6/((-3)/((-9)/6)). Suppose 0 = 3*i + 6, -f*t - 9 = -4*t + i. What is the units digit of t?
7
Let o(v) = 45*v**2 + 71*v + 9. What is the thousands digit of o(-7)?
1
Suppose 3*p + 6 = p. Let a(w) = -w**2 - 2*w - 5. Let o be a(p). Let h = o - -12. What is the units digit of h?
4
Let l(f) = 2*f - 4. Let n be l(4). Suppose 7*d = n*d + 108. Suppose 0*x + 5*h - d = -2*x, 0 = -2*x - 3*h + 40. What is the units digit of x?
3
Suppose -792 = -2*w - 200. Suppose 5*j - w = -41. What is the tens digit of j?
5
Suppose 4*y + 20 = 0, -2*s - y - 4*y = -3547. What is the hundreds digit of s?
7
Suppose -11*r = -4*r - 35. Suppose r*y + 3*u - 16 = 567, -3*u - 113 = -y. What is the tens digit of y?
1
Let h(y) be the first derivative of -3*y**2/2 + 6*y - 4. Let o be h(5). Let z = o - -10. What is the units digit of z?
1
Let k = 1404 + -979. What is the hundreds digit of k?
4
What is the hundreds digit of (255/153)/(2/570)?
4
Suppose -7*b + 20 = 5*u - 2*b, -b = 3*u - 8. Let r(p) = 4*p**2 - p + 2. What is the tens digit of r(u)?
1
Suppose 3*c + 2*i + 3*i = 22, -4*c = -5*i - 6. Suppose -c*f = -289 - 167. What is the units digit of f?
4
Let x(i) be the first derivative of 2*i**3/3 + 5*i**2 + i - 38. What is the units digit of x(-7)?
9
Let m be -1*1*(-19 - 3). Let u = -12 + m. What is the units digit of u?
0
What is the thousands digit of ((-78)/(-15))/((-18)/(-4815))?
1
Let f = 3 + -2. Let z(c) = -7*c**3 + 1. Let n be z(f). What is the tens digit of 20 + 0 + n/(-3)?
2
Suppose 4*c + 56 = -16. Let b = c - -21. Suppose b*g - 54 = 12. What is the units digit of g?
2
Let x be 66/11 + (-1 - 1). What is the tens digit of x - (3 - (26 + 4))?
3
Let l(a) = -3 - 9*a + 10*a + a**2 + 7*a. What is the units digit of l(-9)?
6
Suppose 2*z + 1250 - 6226 = 4*i, -9932 = -4*z + 4*i. What is the thousands digit of z?
2
Suppose -3*v + 5 = -2*b + 3*b, 4*b + 12 = 4*v. Suppose 0 = -4*a + v*d + 260, 0 = 4*a - 5*d + 147 - 401. What is the units digit of a?
6
Suppose -3*l - t - 383 = 0, -242 = 3*l - l + 4*t. Let v = 183 + l. What is the tens digit of v?
5
Let i = -4560 + 6533. What is the units digit of i?
3
Let x = -33 + 26. Let m(d) = 4*d + 24. Let n be m(x). What is the units digit of n/(-14) + 1233/21?
9
Let m(x) = x**3 - x**2 + x - 35. Let t be m(0). Let f = t + 35. What is the units digit of 12 + -12 + 69 + f?
9
Suppose 16 = 3*k + 2*k - 2*d, -k = d - 6. Suppose 4 = k*r - 0. What is the units digit of 780/28 - r/(-7)?
8
Let k = -793 + 809. What is the units digit of k?
6
Suppose 61 = -5*m - u, -3*m - 29 = -2*u + 5. Let k = m + 15. Let y(h) = 3*h - 4. What is the units digit of y(k)?
5
Let b(s) = 2*s + 9. Let v be b(-4). Suppose 230 = 2*g + 5*l + 31, l = -v. What is the hundreds digit of g?
1
Suppose 3*i + 2*f + 16 = 0, 5*f = -0*i - 3*i - 31. Let g(v) = 20*v**2 - v - 2. What is the units digit of g(i)?
0
Let j(a) = a**3 + 22*a**2 + 4*a - 46. What is the hundreds digit of j(-10)?
1
Let q = 771 + -492. What is the units digit of q?
9
Suppose -4*j + 444 = -j. Let a = -638 - -729. Let l = j - a. What is the units digit of l?
7
Suppose -4*c = o - 22, 17*o - 1 = c + 14*o. Let s = -208 - -398. Suppose 3*v - 114 = 4*y - 6*y, c*v = y + s. What is the tens digit of v?
3
What is the units digit of (2/(-8) - 1) + (-5823)/(-12)?
4
Suppose 2*p + 5204 = 3*r, -4*r = 4*p - 8*p - 10412. What is the hundreds digit of 3/2 - p/10?
2
Suppose -14 = -3*c - 2. Suppose 0 = q + 5*s - 27, c*s = -0*s + 12. Let j = -10 + q. What is the units digit of j?
2
Let r = 99 + -20. Suppose -6 = -6*y + 4*y. Suppose 0 = y*s - r + 4. What is the tens digit of s?
2
What is the tens digit of (0 - -1) + 7 + -4 + 2501?
0
Suppose 3*i + 4 = -5*u - 19, -17 = 2*i + 5*u. What is the tens digit of (0 + 9/i)*460/(-15)?
4
Let f be (-12)/8 + (-2 - (-9)/2). What is the tens digit of f/(-5) - (-963)/15?
6
What is the units digit of (2/6)/((-2)/(-2382))?
7
Let q = 277 + 811. What is the hundreds digit of q?
0
Suppose 0 = -3*z + z - 4. Let i(h) be the first derivative of -6*h**2 + 3. What is the tens digit of i(z)?
2
Suppose -2 = 3*m + 4. Let o be ((-6)/4 - m)*6. Suppose -q - 2*q + 165 = -3*i, o*q - 190 = -2*i. What is the tens digit of q?
6
Suppose -30 = -9*s + 42. What is the units digit of s?
8
Let q(v) = -v**2 + v + 11. Let y be 9*4/12 - 0. What is the units digit of q(y)?
5
What is the units digit of (-744)/(-14) + 14/(-98)?
3
What is the units digit of (587/2)/(-3*(-9)/54)?
7
Let k(p) = 15*p**3 + 5*p + 13. What is the units digit of k(4)?
3
What is the hundreds digit of (8 + -18)/((-4)/154)?
3
Suppose s + 3*j = 1207, 6*s - 4862 = 2*s + 5*j. What is the hundreds digit of s?
2
Let i = 1377 + -883. What is the tens digit of i?
9
Let g(t) = -8*t**3 + 41*t**2 - t - 8. What is the tens digit of g(4)?
3
Let d(s) = -2*s**3 + s + s**3 + 3*s**2 + 2*s - 2 + 6. Let l be d(-3). Suppose -2*n = -5*q + n + l, 0 = 4*q - n - 35. What is the units digit of q?
8
Let n(i) = 9*i**2 + 12*i - 13. Let c be n(-7). Suppose -3*z - p = -c, 147 + 318 = 4*z - 5*p. What is the units digit of z?
5
Let r(s) = -2*s**2 + 4*s. Let k be r(2). Suppose 2*h + 4*g - 14 = k, -5*h - 3*g + 95 = -8*g. What is the tens digit of h?
1
Suppose -3*q + 893 = 4*z, z = 3*z - 2*q - 450. Suppose -8*l = -4*l - z. What is the units digit of l?
6
What is the units digit of (-8)/32*-3*1804?
3
Suppose 17*a + 5*w = 13*a + 215, 0 = 5*a - 4*w - 279. What is the units digit of a?
5
Let z(m) = 12*m - 1 - 16*m**2 + 3 + 3*m + m**3. Let q be z(15). Suppose 0 = -s - q*s + 105. What is the units digit of s?
5
Let r(x) = -42*x + 8. Suppose 16 = -5*v - 4. Let b be r(v). Suppose -5*q = 3*y - b, 2*q - 60 = -0*y + 4*y. What is the units digit of q?
4
Suppose 64*r - 36*r = 20048. What is the tens digit of r?
1
Suppose -7*o - 64 = -9*o. Let a = o - 8. Suppose 5 + 0 = b, -m = 4*b - a. What is the units digit of m?
4
Let s(p) = -p